l - 15 = 5*s - 57, 5*s = -5*l + 30. Suppose -4*y = -s*y + 265. Is y a composite number?
False
Let p = -3045 - -5752. Is p composite?
False
Suppose -4*p - 504 = -0*p. Is (20/6)/((-12)/p) a prime number?
False
Let f(x) = -x**3 + 15*x**2 - 11*x + 17. Is f(14) a composite number?
False
Suppose w = -3*w - 2*c + 16, 0 = 2*w - 2*c - 14. Suppose w*j = -0*d - 5*d + 685, -4*d = j - 128. Suppose 3*u - 7*u + j = 0. Is u a composite number?
True
Let y be -7 - -7 - -125*2. Suppose y = 2*m + 4*s, -4*s = -6*s + 6. Is m prime?
False
Let i(q) = -8*q - 1 + 4*q - 15*q. Is i(-6) a prime number?
True
Let g(h) = h**3 - 7*h**2 + 6*h + 2. Let v be g(6). Let c = v - 2. Suppose c = -d + 17 + 20. Is d a composite number?
False
Suppose 3*q + q - 1268 = 0. Is q composite?
False
Let q(x) = 5*x**3 - 7*x**2 - 3. Let v(o) = 4*o**3 - 7*o**2 + o - 4. Let i(p) = 3*q(p) - 4*v(p). Is i(6) a prime number?
True
Suppose 0 + 4 = -4*v, 4*c - 13 = 5*v. Is ((-1017)/(-6) - 1)*c composite?
False
Let y be -1*1/(-2 - -1). Let t = y + -3. Is -1 + 80 + t + 2 composite?
False
Let h(c) = -c**2 + 8*c + 3. Let l be h(8). Suppose 220 = l*s + s. Is s a composite number?
True
Let o = -14 + 14. Let m(t) = 3*t**3 + 6 - t**2 - 2*t**3 - t - 3. Is m(o) prime?
True
Let n = -60 - -86. Let l be 24/1 - (0 - 1). Suppose -3*h + n = -f, f = -5*h - f + l. Is h composite?
False
Suppose 4*t + 3*q - 6 = 3, -5*q - 14 = -3*t. Suppose 5*v - 1985 = -g, -3*g + 1985 = 2*v + t*v. Is v a prime number?
True
Let p be (9/(-3) - -9) + -4. Let i = p + 24. Is i a composite number?
True
Let m = 2 + 0. Suppose -14 = -3*q + m*s, s = -3*s - 16. Suppose q*g - 1 - 69 = 0. Is g prime?
False
Let l = 582 + 99. Is l prime?
False
Suppose 5*u - 5*w = 3105, 2*u + 5*w - 1879 = -u. Is u prime?
False
Suppose -10 = 5*z + 5*h, 4*z - 3*h = 2*h + 28. Suppose -2*w + z = -4*d, w - 8 = -5*d - 0. Suppose -w*l = -39 - 0. Is l prime?
True
Let o(a) = -a**2 - 13*a + 1. Let j be o(-8). Let p = -131 - -203. Let d = p - j. Is d a prime number?
True
Suppose 0*y = -2*y. Suppose -4*b + 0*j = 2*j - 92, y = b - 2*j - 18. Is b a prime number?
False
Let n(x) = -264*x - 7. Is n(-4) composite?
False
Suppose 10*c = 5*c - 15. Let g(b) = -2*b**2 - 2*b + 6. Let i(t) = t**2 + 2*t - 5. Let h(y) = c*i(y) - 2*g(y). Is h(2) a composite number?
False
Let p(f) = f. Let o(m) = 2*m - 7. Let h(t) = -o(t) - 4*p(t). Suppose -25 = 4*r - l, -5*r = -3*r + l + 5. Is h(r) prime?
True
Suppose 2*a + 40 = 7*a. Let y(j) be the third derivative of j**4/6 + 11*j**3/6 + 10*j**2. Is y(a) prime?
True
Suppose 0 = -2*x - 6, 4*d - 2 - 9 = -3*x. Suppose 0 = -d*m + v + 401 - 149, -2*m = -5*v - 87. Is m a composite number?
True
Suppose 0 = 4*w + 5*q - 22289 + 3441, -2*w + 3*q + 9402 = 0. Suppose -2*r - 3764 = 4*g, w = -5*g - 4*r + r. Is (-1)/(-2) + g/(-6) a prime number?
True
Suppose -2 = -2*s, -7*b + 3*b - 5*s + 217 = 0. Is b composite?
False
Let l be (64/(-2))/(4/26). Let t = l + 473. Is t a composite number?
True
Let h = 2045 - 828. Is h a composite number?
False
Suppose -10*c + 7*c + 264 = 0. Suppose 3*i + 98 + 67 = -3*a, -4*i = -a + 210. Let w = i + c. Is w a composite number?
True
Let o be 4/(-18) + (-228)/(-54). Suppose -3*h - r = 66 - 375, -3*h + o*r + 309 = 0. Is h composite?
False
Suppose 0 = -0*m + 3*m - 177. Is m prime?
True
Let g(y) = -1679*y + 1. Let v be g(-1). Suppose 0 = -0*u + 4*u + 4, -5*a + 5*u = -v. Is a a composite number?
True
Let t = -2 - -6. Suppose -3*o + 91 = z, -9*o + 99 = z - t*o. Is z a prime number?
True
Let i(m) = -m**2 - 5*m - 2. Let a be i(-4). Is (4/3)/(a/141) prime?
False
Is 36 - (-1 + -1 + 2 - -1) prime?
False
Suppose 0 = -2*z - 5*l + 2803, 0*l - 2*l - 5642 = -4*z. Is z prime?
True
Let y = 21 - -18. Let i be (-1 - 4/(-2)) + y. Let u = i - -29. Is u a composite number?
True
Let i = 5 + -1. Suppose -4*m = -12, 0*m = i*l + 4*m - 244. Is l a composite number?
True
Let i(t) = 7*t**3 - t. Let y be i(1). Let b(w) be the third derivative of -w**6/120 + w**5/10 + w**4/6 - w**3/2 + w**2. Is b(y) a composite number?
True
Let s(u) = u**2 - 29*u - 49. Is s(-31) prime?
True
Let t = 621 + -292. Is t a composite number?
True
Suppose -5*m - 6*o = -o - 16485, 3*o = 2*m - 6604. Is m prime?
True
Suppose -f = 3*j + 201, -5*j - 2*f - 335 = -f. Let i = j + 230. Is i a composite number?
False
Suppose 2107 = 3*v + 58. Is v a prime number?
True
Let z = -7 + 11. Suppose -68 = -z*c - 0*c. Let o = c - 10. Is o composite?
False
Is (-11)/11*(-253 - 0) composite?
True
Let n = 4 + -2. Suppose 4*j - 2*u - 22 = 0, -3 - n = j + 3*u. Suppose 5*f - 262 = 3*h, -j*f - 2*h + 240 = 26. Is f a composite number?
False
Suppose -3*a = -10 + 4. Let y(g) = 21*g + 1. Is y(a) composite?
False
Let a = -136 + 201. Is a a composite number?
True
Let h = 6165 - 4126. Is h a prime number?
True
Let n = 546 - -421. Is n a composite number?
False
Let p(h) = h**3 + 8*h**2 - 9*h + 5. Suppose -8 = -3*m - 35. Let s be p(m). Suppose -5*j + 755 = s*z, -191 - 401 = -4*j + 2*z. Is j prime?
True
Let g = 262 + -165. Is g a composite number?
False
Suppose 5*x - 797 + 92 = 0. Let y = 268 - x. Is y prime?
True
Suppose 0*x = -2*x + 10. Is -2 + 0 + 3 + x a composite number?
True
Let o = 3529 - 828. Is o prime?
False
Let s(d) = d**2 + 5 - 1 - 4*d - 2 + 0*d. Let i be s(4). Suppose 4*o = o - i*p + 757, 2*o - 509 = 3*p. Is o composite?
True
Suppose -2*j + 46 + 393 = 3*r, -3*r - j + 443 = 0. Is r composite?
False
Is -2 + 5 + 124/1 a prime number?
True
Suppose 0 = 5*k - 3*s + 2 - 21, -3*s - 7 = k. Suppose -4*x - 4*i + 1692 = 0, -k*x = -0*x - 4*i - 822. Is x composite?
False
Let a(g) = g**3 - 6*g**2 + g + 4. Let l be a(6). Let u(s) = l*s - 3 + 4 - 2*s. Is u(1) a composite number?
True
Suppose 5*h + g = 2*g - 22, -5*g - 30 = 3*h. Let i be (-1 - (-2 - 2)) + h. Is 194/4*i*-1 a prime number?
True
Let p be (-2)/(-7) - 108/(-14). Suppose -4*v = 5*y - 174 - 92, 0 = -4*y - 3*v + 212. Let a = y + p. Is a a composite number?
True
Suppose 2*k + 0*k + 5*j = 757, 5*k - 1900 = -5*j. Is k a composite number?
True
Let c = -5 - -11. Let z be 25/15 - (-2)/(-3). Suppose z = y - c. Is y a prime number?
True
Suppose -1 + 4 = g, -5*g = -3*z - 9. Suppose -v = -0*v - z*w - 81, 2*w - 93 = -v. Is v prime?
False
Is (138*1)/2 + 2 a prime number?
True
Suppose 6*p = p + 30. Let q(d) = 31*d + 5. Is q(p) a composite number?
False
Let r be (-532)/(-3) + (-2)/6. Suppose -6*k + 9*k = r. Is k a prime number?
True
Is 18/63 - (-2917)/7 a prime number?
False
Suppose v - 16 = -5*c + 1, 4*v + 4 = 4*c. Suppose 2*r = v*k + 64, -r + k + k + 33 = 0. Is r composite?
False
Let y(p) = -2*p**2 - 3*p + 4*p**2 + 14 - p**2 + 2*p. Is y(0) a prime number?
False
Suppose 3*q + 4*u = q + 28, 0 = 3*q - 3*u + 3. Suppose 3*i + 4*c - 369 = 0, -242 = -3*i + i - q*c. Is i composite?
False
Suppose -2*f - 1 = -9. Suppose -4*w + 30 = p + 4*p, -f*w = -4*p - 48. Is w a composite number?
True
Suppose -4 = 2*g - 4*g. Suppose 3*q + g*q = 2045. Is q a prime number?
True
Suppose -154 = -2*g + 16. Is g prime?
False
Suppose 2*q - 18 + 564 = 0. Is q*((-2)/(-3) + -1) a prime number?
False
Suppose 0 = 5*w - 237 - 238. Is w a prime number?
False
Suppose -5*f + t = -4, 4*f - 5*t + 0*t = 20. Suppose -2*a + 95 + 19 = 2*n, 2*n - 3*a - 94 = f. Is n a composite number?
False
Let o = 1 - -4. Let d(b) = 4*b - 6. Is d(o) composite?
True
Suppose 7*h - 595 = 2*h. Is h prime?
False
Suppose -32 = 3*c - 5*x, -4*x = c - 4*c - 28. Let y = 1 - c. Suppose -55 = -3*d - 2*o, 2*o - 29 = -2*d + y. Is d composite?
True
Let o(x) = 2*x**2 + 5*x. Let z be o(-6). Suppose 148 = 2*c + z. Is c a prime number?
True
Is 251*2/(-8)*-4 a composite number?
False
Let j(a) = a**2 - 3*a - 9. Let l be j(-6). Let f be ((-30)/(-9) + -3)*-15. Is 2/f - (-1413)/l composite?
False
Let k(a) = 0 - 1 - 29*a**3 + a**2 - 228*a**3. Is k(-1) a composite number?
False
Suppose -2742 = -2*o + i, -2*o + 2734 = -0*o - 3*i. Is o prime?
True
Suppose 3 = h - j, -h - 2*h - 2*j + 34 = 0. Suppose 0 = -3*x + h*x - 415. Is x a prime number?
True
Let l = 1039 + 2554. Is l a composite number?
False
Let s = 418 - 215. Is s composite?
True
Let j(o) = 26*o. Let d be j(4). Let g = d - -17. Let i = 198 - g. Is i composite?
True
Let c(j) = j**2 + 8*j + 2. Let g be c(-3). Let i = 69 + g. Suppose 148 = 4*m - i. Is m prime?
False
Suppose 4*s - 37 = -9. Suppose 2*m = -5*j + 107, 3*j - 4*m - 66 = -